 (base 3) in base 9?
-1463
4a (base 11) to base 2
110110
Convert -b867 (base 13) to base 7.
-134435
-1a307 (base 11) to base 12
-14481
232 (base 10) to base 2
11101000
What is -298 (base 16) in base 15?
-2e4
Convert -1059 (base 10) to base 2.
-10000100011
What is -7535 (base 10) in base 6?
-54515
104 (base 16) to base 11
217
What is 1046 (base 14) in base 7?
11116
Convert -100000111100 (base 2) to base 14.
-aa8
Convert -126610 (base 7) to base 11.
-1700a
What is -6559 (base 13) in base 10?
-14101
415 (base 11) to base 8
764
What is -223211 (base 4) in base 16?
-ae5
What is 235152 (base 6) in base 4?
11001230
-313013 (base 4) to base 3
-11211122
101222 (base 3) to base 15
14b
What is 7362 (base 11) in base 2?
10011000010100
1122120120 (base 3) to base 12
16980
Convert 9445 (base 11) to base 2.
11000011100000
12b2 (base 15) to base 16
f98
What is -3002 (base 4) in base 3?
-21012
2641 (base 12) to base 9
5884
What is 311223 (base 4) in base 15?
1040
1555 (base 6) to base 10
431
Convert -2211201 (base 3) to base 10.
-2071
-2301 (base 11) to base 16
-bd2
23360 (base 7) to base 12
3598
Convert 22ac (base 13) to base 11.
3731
-2d5 (base 14) to base 4
-21003
42636 (base 7) to base 12
6183
What is 234 (base 13) in base 3?
112010
-4331 (base 7) to base 14
-7c1
What is -11274 (base 10) in base 11?
-851a
Convert 2961 (base 16) to base 12.
6169
What is -16275 (base 9) in base 3?
-120022112
24313 (base 9) to base 4
3332211
17307 (base 8) to base 15
2504
-106341 (base 7) to base 15
-5996
What is -79b (base 16) in base 2?
-11110011011
Convert 1364 (base 10) to base 11.
1030
What is -1001001010 (base 2) in base 3?
-210201
Convert -216 (base 12) to base 14.
-17c
36a4 (base 12) to base 13
2a6a
Convert -2133 (base 6) to base 8.
-751
1001111000111 (base 2) to base 3
20221112
Convert -16da (base 14) to base 7.
-14663
What is 8690 (base 12) in base 2?
11100111001100
Convert 62347 (base 10) to base 5.
3443342
-25452 (base 9) to base 10
-17138
-3204 (base 6) to base 3
-222211
Convert 9b9 (base 16) to base 4.
212321
Convert -c97 (base 13) to base 4.
-201220
1a859 (base 13) to base 11
36044
a60b (base 12) to base 14
688b
What is -1764 (base 9) in base 5?
-20404
What is -21144 (base 5) in base 3?
-1221202
What is 101404 (base 5) in base 4?
310122
What is 141c (base 14) in base 5?
103204
-7a91 (base 12) to base 4
-3111031
1111110010111 (base 2) to base 13
38b1
-755 (base 12) to base 5
-13243
What is -2b9a (base 12) in base 8?
-12046
What is 13121303 (base 4) in base 3?
1112121002
1522 (base 6) to base 10
410
-30613 (base 7) to base 15
-2357
100101101010 (base 2) to base 4
211222
What is -2b8 (base 16) in base 5?
-10241
-169 (base 16) to base 8
-551
20562 (base 7) to base 10
5091
122b7 (base 13) to base 12
1742b
-11363 (base 8) to base 14
-1aa7
What is 24443 (base 5) in base 7?
5314
What is 3502 (base 8) in base 6?
12334
110010110110 (base 2) to base 13
1634
What is 4619 (base 14) in base 2?
10111110001111
Convert -10101000 (base 2) to base 5.
-1133
What is -2cd (base 14) in base 4?
-20331
-1bb (base 14) to base 16
-169
211104 (base 5) to base 9
10570
2147 (base 14) to base 2
1011001110011
What is 44015 (base 6) in base 11?
4609
Convert 1a9 (base 11) to base 3.
22220
What is 725a (base 11) in base 7?
40026
Convert -4ba (base 13) to base 9.
-1121
Convert -2972 (base 14) to base 13.
-3467
What is -61 (base 12) in base 14?
-53
-4b (base 16) to base 8
-113
What is 100111101100111 (base 2) in base 5?
1122302
Convert 3068 (base 12) to base 5.
132024
Convert 3350 (base 8) to base 12.
1034
Convert -15136 (base 9) to base 14.
-3a92
Convert -6906 (base 12) to base 10.
-11670
Convert -10001110 (base 2) to base 9.
-167
Convert -96b (base 13) to base 7.
-4460
What is -179a (base 11) in base 4?
-203233
Convert -1af1 (base 16) to base 7.
-26052
What is 2223 (base 5) in base 15?
15d
-540 (base 13) to base 6
-4053
-2656 (base 15) to base 14
-2da5
What is 32530 (base 7) in base 14?
2d87
-5717 (base 8) to base 2
-101111001111
Convert -530 (base 8) to base 7.
-1001
101000 (base 2) to base 13
31
-100201 (base 8) to base 12
-17055
What is -2100111210 (base 3) in base 10?
-46299
What is c301 (base 14) in base 12?
17491
Convert 7324 (base 8) to base 4.
323110
-16a (base 15) to base 11
-276
What is -30850 (base 9) in base 7?
-113256
Convert 6306 (base 8) to base 2.
110011000110
-376 (base 13) to base 3
-211101
Convert 9adb (base 15) to base 8.
100077
What is 132303 (base 4) in base 7?
5514
-1353 (base 8) to base 15
-34c
-4656 (base 7) to base 16
-6ab
-4120 (base 5) to base 16
-217
What is -7b3 (base 12) in base 14?
-5b9
What is -22211222 (base 3) in base 14?
-24cc
Convert -45d (base 14) to base 7.
-2346
What is -252503 (base 6) in base 4?
-11201313
Convert 9105 (base 10) to base 2.
10001110010001
-68885 (base 9) to base 6
-552335
-43206 (base 9) to base 10
-28599
1434 (base 8) to base 6
3404
Convert -8117 (base 12) to base 9.
-21161
53122 (base 6) to base 9
10755
What is c84 (base 14) in base 13?
117b
What is 1747 (base 14) in base 4?
1001103
What is 130343 (base 5) in base 4?
1033222
Convert 16236 (base 11) to base 3.
1011102110
Convert 132 (base 10) to base 7.
246
21642 (base 9) to base 13
670a
What is 225 (base 14) in base 4?
12221
-21472 (base 8) to base 7
-35202
Convert -103031 (base 4) to base 3.
-1200112
What is -17729 (base 11) in base 9?
-37055
-35d (base 16) to base 10
-861
Convert 36663 (base 12) to base 16.
11f2b
Convert -684 (base 16) to base 13.
-9b4
What is 110111010011 (base 2) in base 13?
17c3
3355 (base 6) to base 9
1068
What is -1352 (base 6) in base 3?
-111012
What is -144201 (base 6) in base 11?
-a494
2440301 (base 5) to base 7
252030
What is 327a (base 15) in base 3?
112122221
What is 13232033 (base 4) in base 5?
2003011
Convert c38 (base 16) to base 12.
1988
22000 (base 3) to base 10
216
What is -113100 (base 4) in base 9?
-2033
Convert -1102121001 (base 3) to base 16.
-6de7
Convert -9dc (base 16) to base 7.
-10234
-321 (base 14) to base 9
-755
Convert 2110031 (base 5) to base 2.
1000100011001000
What is 402 (base 10) in base 6?
1510
-7b94 (base 15) to base 4
-12121333
What is -14440 (base 8) in base 13?
-2c0a
What is 110001101 (base 2) in base 11?
331
What is -a51 (base 14) in base 7?
-5631
-10011010111 (base 2) to base 11
-a27
What is -2a625 (base 12) in base 7?
-335615
-210 (base 3) to base 10
-21
-2542 (base 6) to base 11
-530
Convert -323 (base 9) to base 2.
-100001000
What is -10010111 (base 2) in base 4?
-2113
What is 10102221201 (base 3) in base 5?
4132022
Convert -443100 (base 5) to base 11.
-10630
-17464 (base 8) to base 7
-32201
5264 (base 9) to base 13
19b4
What is -2 (base 9) in base 14?
-2
-c97 (base 15) to base 11
-2154
Convert -33033 (base 6) to base 4.
-1013031
What is -111022 (base 3) in base 5?
-2414
What is -46 (base 10) in base 8?
-56
744 (base 15) to base 12
b47
-10211203 (base 4) to base 2
-100100101100011
-3383 (base 12) to base 5
-140330
Convert 676 (base 10) to base 13.
400
90 (base 10) to base 13
6c
Convert -5822 (base 11) to base 14.
-2b03
-8012 (base 13) to base 16
-44b7
What is -454 (base 8) in base 11?
-253
-1123201 (base 4) to base 9
-8027
Convert -2231 (base 4) to base 16.
-ad
What is 1075 (base 8) in base 2?
1000111101
Convert -202 (base 13) to base 15.
-17a
26615 (base 7) to base 16
1bfe
What is -14220 (base 6) in base 3?
-10002010
What is -1100110110011 (base 2) in base 15?
-1e39
-42335 (base 10) to base 8
-122537
221a (base 11) to base 14
10cd
Convert 3041201 (base 5) to base 8.
140617
-4103 (base 5) to base 15
-253
-263 (base 12) to base 5
-2423
Convert -430110 (base 5) to base 8.
-34105
What is 111100110 (base 2) in base 7?
1263
What is -1101021 (base 3) in base 11?
-835
Convert 251065 (base 7) to base 4.
23032321
Convert -bb (base 13) to base 3.
-12201
Convert -201001 (base 5) to base 13.
-2b96
What is 1058 (base 9) in base 11?
651
What is -1201101001 (base 3) in base 16?
-840d
Convert -7dd (base 14) to base 5.
-22232
What is 48aa (base 11) in base 7?
24460
Convert 40017 (base 11) to base 2.
1110010011010110
100023112 (base 4) to base 16
102d6
15332 (base 6) to base 14
cac
10004 (base 5) to base 4
21311
38 (base 14) to base 4
302
135707 (base 8) to base 2
1011101111000111
What is -202100011 (base 3) in base 10?
-14827
-10101000101